*d - 6 - t = -4*f, 0 = 2*d + 8. What is the remainder when f is divided by 6?
4
Suppose 7*x = 2*x + 105. Suppose -3*v = -8*v. Suppose v = -i - 2*c + 5, 2*c + 2*c + 1 = -i. Calculate the remainder when x is divided by i.
10
Let d = 72 + -43. What is the remainder when d is divided by ((-10)/(-3))/((-2)/(-6))?
9
Let q = 65 - 53. What is the remainder when 20 is divided by q?
8
Suppose -2*i = -2*b + 28, 5*i = 12 + 8. Calculate the remainder when 51 is divided by b.
15
Let j(m) = -9*m - 8. Let i = -45 - -61. What is the remainder when j(-6) is divided by i?
14
Let b = -43 - -70. What is the remainder when b is divided by 6?
3
Let a be 120 + (0/1 - 2). Suppose a = 5*l - 62. What is the remainder when l is divided by 13?
10
Let f(a) = a**3 + 10*a**2 - 3*a - 1. What is the remainder when 115 is divided by f(-10)?
28
Let y(q) = -2*q - 4. Let b be y(-7). Calculate the remainder when b/(-45) - (-155)/9 is divided by 9.
8
Suppose -k + 170 = 5*i + 3*k, 4*k - 34 = -i. Suppose 0 = -4*x - 2*h + 58, -5*h = -x - 16 + 3. What is the remainder when i is divided by x?
10
Let j = -102 - -195. Suppose 5*y - 5*t = 105, -y - t = 4*y - j. Suppose 5*s = -2*c - 0*c + 34, -2*c = s - 18. Calculate the remainder when y is divided by c.
5
Let d = 48 - 44. Suppose 2*v = -9 - 17. Let k = v + 23. Calculate the remainder when k is divided by d.
2
Let c = 6 - 11. Let v be 36/5*c/(-1). Suppose -i = -r + 10, -v = -3*r + 5*i - 0*i. What is the remainder when 20 is divided by r?
6
Suppose -5 = 2*l + t - 20, -2*t = -l - 5. Calculate the remainder when 13 is divided by l.
3
Let y = 3 - -94. Calculate the remainder when y is divided by 20.
17
Let n(c) = c**3 + 4*c - 6. What is the remainder when n(4) is divided by 19?
17
Suppose 6*r = 2*r - 36. Let s(d) = -d**2 - 12*d - 13. Calculate the remainder when s(r) is divided by 5.
4
Suppose -5*m = -3*a + 27, -a + 0*a - 2*m = 2. Let h(u) = a*u - u - u - 2 - 2. What is the remainder when h(6) is divided by 5?
3
Let t(l) be the first derivative of -l**2/2 + 7*l + 4. What is the remainder when 25 is divided by t(-6)?
12
Suppose -24 = -14*y + 11*y. Calculate the remainder when 14 is divided by (1 + y + 1)/2.
4
Let n be 40/6 - (-8)/(-12). Suppose -n - 10 = -m. Calculate the remainder when m is divided by 6.
4
Let a be (6/4)/((-15)/(-40)). Suppose 5*w - 119 = 4*s, 5*w - 115 = s + a*s. Calculate the remainder when w is divided by 14.
13
Let u(i) = 6*i + 3*i**2 - 4*i**2 + 2 + 1 + 5. Let y = -29 - -51. Calculate the remainder when y is divided by u(6).
6
Let n = 21 - 11. What is the remainder when 57 is divided by n?
7
Let z = 26 + -17. What is the remainder when 5/5 + -1 + 23 is divided by 0 + z + 2/(-2)?
7
Let f(g) = -g**2 + 8*g + 2. Let o be f(8). Suppose o*b + 4 + 4 = 0. Let t = b - -10. Calculate the remainder when 11 is divided by t.
5
Let o(d) = -d**3 + 8*d**2 - 10*d + 1. What is the remainder when o(4) is divided by 9?
7
Let x(z) = 3*z**3 - 7*z**3 - z**2 + 1 + 1 - z. Calculate the remainder when x(-2) is divided by 12.
8
Let x = 25 - 17. Let v = x + -5. Suppose 0 = -v*y + 15, -2*y + 53 = 2*d + 3*y. Calculate the remainder when 40 is divided by d.
12
Suppose 4*x + 200 = 5*m, 120 = 5*m - 3*x - 75. Calculate the remainder when m is divided by 8.
4
Let s(l) be the second derivative of -l**5/20 - l**4/3 - l**3/6 - l**2/2 - l. Let t be s(-3). What is the remainder when (-24)/10*(2 + t) is divided by 5?
2
Let o(i) = -2*i - 6. Let h be (-26)/7 - (-4)/(-14). Let f be o(h). What is the remainder when 17 is divided by (f/(-4))/((-2)/20)?
2
Let z be (-6)/(-2) - (1 + -49). Let i = -21 + z. What is the remainder when 89 is divided by i?
29
Let q = -5 + 32. Suppose -4*d = v - q - 27, 5*v - 345 = 5*d. What is the remainder when v is divided by 17?
15
Suppose i = 4*i - 9. Suppose -v - q = -0*v, -2*v - 5*q = i. Calculate the remainder when v is divided by 1.
0
Suppose 14*c = 17*c - 33. Calculate the remainder when 21 is divided by c.
10
Suppose 4*v = -l + 110, 2*v + l - 64 = -4*l. What is the remainder when v is divided by (-46)/(-5) + 60/75?
7
Suppose 0 = 4*v - 0 - 8. Suppose -8 = -v*m + 14. Calculate the remainder when 41 is divided by m.
8
Suppose -r = -0*r + 3*p + 22, 0 = 2*r + 4*p + 34. Let h = r - -18. Calculate the remainder when h is divided by 6.
5
Suppose 0 = -5*m + 7 + 13. Suppose -4*i - 56 = -m*v, i + 0*i = 2*v - 25. What is the remainder when 32 is divided by v?
10
Let h = 27 + -19. Let a = h + -5. What is the remainder when 8 is divided by a?
2
Suppose -3*h = -5 - 4. Suppose -8 = -3*w + 4. Calculate the remainder when w is divided by h.
1
Suppose -h = h. Let c(n) = n**2 + n + 17. Let t = 15 - 6. Calculate the remainder when c(h) is divided by t.
8
Suppose -5*s - 7 + 27 = -5*k, 5*s = -2*k + 27. Calculate the remainder when 4 is divided by k.
0
Let s(a) = a**2 - 6*a + 4. Let x be (-1 + 0)/(10/(-180)). Suppose -6 - x = -4*m. What is the remainder when 5 is divided by s(m)?
1
Suppose -2*y + 7 = m - 9, 72 = 2*m - 4*y. What is the remainder when m is divided by 3?
2
Suppose 2*y - 9 = h - 2*h, 0 = -5*h - y + 45. Let a be (2 - 1)/(7/14). Suppose 9 = a*p + c, 1 = 4*c + 5. Calculate the remainder when h is divided by p.
4
Let g(b) = b + 58. What is the remainder when 158 is divided by g(-18)?
38
What is the remainder when 64 is divided by (26 - 2) + 4 - -5?
31
Suppose -25*t + 22*t + 33 = 0. Calculate the remainder when 65 is divided by t.
10
Suppose 1248 = 5*w + 11*w. Calculate the remainder when w is divided by 41.
37
Let d = 3 + 0. Suppose 3 = v - d. What is the remainder when 16 is divided by v?
4
Let y = -1 - -4. Suppose 0 = -2*h + y*h - 25. Suppose 3*m - 16 - 11 = 0. What is the remainder when h is divided by m?
7
Let t(m) = m - 1. Let d(x) = -x**3 + 6*x**2 - 4*x + 6. What is the remainder when d(5) is divided by t(5)?
3
Suppose 3*c - 17 = -2*g, -5*g - 3*c + 62 = -2*c. Calculate the remainder when 31 is divided by g.
5
Suppose 3*n - 81 = 402. Calculate the remainder when n is divided by 27.
26
Let p(d) = 6*d - 35. What is the remainder when 21 is divided by p(8)?
8
Let r(h) = 12*h**3 - 2*h**2 + 2*h - 1. What is the remainder when 1806/91 + 4/26 is divided by r(1)?
9
Suppose -4 = 2*m, -5*t + 3*m + 83 = 4*m. Let o = 164 + -114. Calculate the remainder when o is divided by t.
16
Let v(x) = x**2 + 4*x - 10. What is the remainder when 109 is divided by v(4)?
21
Suppose 32 = 3*g - 28. Let x be (1*(1 - -1))/1. Suppose x*j + 21 = 5*j. What is the remainder when g is divided by j?
6
Let u = 25 + 30. Suppose 0 = -8*i + 3*i + u. What is the remainder when 42 is divided by i?
9
Suppose 8 + 7 = 5*y, -4*a + y = -197. What is the remainder when a is divided by 13?
11
Let y(v) = -v**3 - 10*v**2 - 16*v + 6. Calculate the remainder when 20 is divided by y(-8).
2
Let j(y) = -2*y**3 + y**2 + 2*y - 2. Let q be j(-3). Suppose -x + q = 4*x. What is the remainder when 39 is divided by x?
6
Suppose h + x = -0*h + 9, 45 = 4*h - 5*x. What is the remainder when 15 is divided by h?
5
Let t(m) = m**3 - 7*m**2 + 2*m + 3. Suppose -4*l = 2*p - 6, -3*p - 4*l + 11 = l. What is the remainder when t(p) is divided by 6?
5
Suppose 4*h + 7*u - 39 = 4*u, 0 = -5*h + 2*u + 20. Calculate the remainder when 12 is divided by (h/5)/((-3)/(-20)).
4
Let o(l) be the third derivative of l**6/120 + 3*l**5/20 - 13*l**4/24 - l**3/6 + 7*l**2. What is the remainder when 86 is divided by o(-10)?
28
Let p(u) = -u**2 - 11*u - 18. Calculate the remainder when 34 is divided by p(-6).
10
Let q = -4 - -13. Let m(o) = -o**3 + 4*o**2 + 4*o - 4. Calculate the remainder when m(3) is divided by q.
8
Let i be 24/5 - (-8)/40. Let a = 4 - i. What is the remainder when a/(-3) - 116/(-3) is divided by 20?
19
Let x(h) = -h + 30. Calculate the remainder when 151 is divided by x(16).
11
Let x(q) = 11*q - 1. Let h be x(1). Let o = -5 + h. Suppose -y = -o*u + 127, 5*u + 0*y - 136 = -2*y. Calculate the remainder when u is divided by 9.
8
Let y = 36 + 145. Suppose -2*c + 74 + 4 = -q, 0 = 5*c + q - y. What is the remainder when c is divided by 13?
11
Suppose 9*b - 4*b = -20. Let t = -2 - b. Calculate the remainder when 2 is divided by t.
0
Calculate the remainder when (-2 - -9)/(7/70) is divided by 18.
16
Let b = 5 - 4. Suppose 5*z = 24 + b. Suppose z*v = -5*t + 25, -3*t + 0*t + 40 = -2*v. What is the remainder when 37 is divid